
Is 1999796041 composite?
False
Is 308035349 a prime number?
True
Is 234711293 a prime number?
True
Is 51339545083 a prime number?
True
Is 13138290853 prime?
False
Is 8924611831 a composite number?
False
Is 36558846241 prime?
False
Is 481395023 a prime number?
False
Is 21562667429 a composite number?
False
Is 9732079613 composite?
False
Is 1654911871 a composite number?
False
Is 1180849507 a prime number?
True
Is 83253439226 a composite number?
True
Is 4224986071 composite?
True
Is 1030305337 a composite number?
False
Is 260500943 a composite number?
False
Is 6860599147 a composite number?
True
Is 191587140779 prime?
False
Is 30394307 a prime number?
False
Is 80064473 a prime number?
False
Is 9635709553 prime?
False
Is 18256513 a composite number?
True
Is 11051592443 composite?
False
Is 143438604683 a composite number?
True
Is 141903475139 a composite number?
False
Is 133803919 a composite number?
False
Is 77030244821 composite?
False
Is 2189564737 prime?
True
Is 4469291479 prime?
True
Is 13045736191 a prime number?
False
Is 156340670539 a prime number?
True
Is 1025170957 a composite number?
False
Is 2697620201 a prime number?
True
Is 14545009309 composite?
False
Is 614834443 a composite number?
False
Is 17679993845 prime?
False
Is 1002840277 prime?
False
Is 295187309 prime?
False
Is 126427771 a prime number?
True
Is 2749662959 a composite number?
True
Is 8069391271 a prime number?
True
Is 6102018291 a prime number?
False
Is 18874957 composite?
False
Is 5515083209 prime?
True
Is 1120898983 composite?
True
Is 3869161105 composite?
True
Is 86112337 composite?
True
Is 854657623 a prime number?
True
Is 171355397 a composite number?
False
Is 2166482897 a prime number?
True
Is 54077693 a prime number?
False
Is 41930971 prime?
True
Is 10165597727 composite?
True
Is 5603320183 composite?
False
Is 13259359189 composite?
False
Is 970787663 a composite number?
False
Is 1950910961 a prime number?
True
Is 1409216113 composite?
True
Is 78067088087 a prime number?
False
Is 88444412257 a composite number?
False
Is 124930756883 composite?
True
Is 1937544023 a composite number?
False
Is 76306249 a composite number?
True
Is 9615982741 prime?
True
Is 43162564789 composite?
False
Is 240651163 prime?
False
Is 2388415217 prime?
True
Is 1216860587 a prime number?
True
Is 1113915631 a composite number?
True
Is 13450520981 a prime number?
False
Is 67010809 prime?
False
Is 4231807381 prime?
False
Is 10490692967 prime?
True
Is 163357613171 composite?
True
Is 6497456869 prime?
False
Is 77728177645 a composite number?
True
Is 9242082659 composite?
False
Is 7609351411 a prime number?
True
Is 2985286231 a composite number?
True
Is 13538101 a composite number?
True
Is 278909467 a prime number?
False
Is 95197982713 a prime number?
False
Is 56554103 a prime number?
True
Is 13649154863 composite?
True
Is 9248884261 prime?
True
Is 24403865971 a composite number?
False
Is 317492653 composite?
False
Is 1292502581 composite?
False
Is 333625681 a prime number?
False
Is 9533945017 composite?
True
Is 3780587131 prime?
False
Is 5015016805 a composite number?
True
Is 93422038285 prime?
False
Is 1254390199 composite?
True
Is 258459361247 a composite number?
False
Is 7513049437 composite?
False
Is 7163027869 a composite number?
True
Is 167526586 a prime number?
False
Is 25584811883 composite?
False
Is 188718247 a prime number?
False
Is 8351829553 prime?
False
Is 77323494407 a prime number?
True
Is 30785269847 a prime number?
True
Is 1642586401 a prime number?
False
Is 21998794231 composite?
True
Is 37619101 prime?
False
Is 523241067 prime?
False
Is 7228593259 a prime number?
False
Is 454180171 a prime number?
False
Is 663853349 a prime number?
False
Is 1208005681 composite?
False
Is 85116121 a prime number?
False
Is 829821949 composite?
True
Is 6706973738 a composite number?
True
Is 1142945191 a composite number?
False
Is 874441033 prime?
True
Is 7462965787 prime?
False
Is 3811744283 a prime number?
False
Is 909781771 a prime number?
False
Is 5333214853 composite?
True
Is 107263388471 a prime number?
True
Is 587965190309 a prime number?
False
Is 237190127 prime?
False
Is 11547307207 a prime number?
True
Is 258725543 a prime number?
False
Is 31863196349 a prime number?
False
Is 6702393677 composite?
True
Is 60294421745 a composite number?
True
Is 167375604239 prime?
False
Is 3903213307 composite?
True
Is 23042693 a prime number?
False
Is 4141160157 a composite number?
True
Is 4515385717 prime?
True
Is 1321969309 prime?
True
Is 9925520203 prime?
True
Is 8059514291 composite?
False
Is 58179302327 a prime number?
True
Is 4561538767 a composite number?
False
Is 81736697401 prime?
False
Is 16896442469 a composite number?
True
Is 26165423441 a prime number?
False
Is 10415126863 a composite number?
True
Is 3002233441 prime?
True
Is 20273331499 composite?
True
Is 710236243 a composite number?
False
Is 6439723361 prime?
True
Is 393639107 prime?
True
Is 29376447421 composite?
False
Is 30842779633 a prime number?
True
Is 32306471 a prime number?
True
Is 6082880642 a composite number?
True
Is 1882840819 composite?
False
Is 2132001941 a prime number?
True
Is 7674639509 a prime number?
True
Is 6513081639 composite?
True
Is 983900849 prime?
False
Is 3462021089 composite?
False
Is 1747871713 a composite number?
True
Is 14520916469 a composite number?
True
Is 9044381809 a prime number?
True
Is 16860036353 prime?
False
Is 5142544991 a prime number?
True
Is 3654928759 a prime number?
False
Is 606277697 a prime number?
True
Is 1717952042 prime?
False
Is 197823539 a prime number?
True
Is 6906469669 a prime number?
False
Is 2304038099 prime?
False
Is 1212399259 prime?
False
Is 141717569471 a composite number?
True
Is 21054991723 a prime number?
True
Is 93836122727 a composite number?
False
Is 7469846515 a composite number?
True
Is 16142900183 a composite number?
False
Is 5716860481 prime?
True
Is 609402673 a composite number?
True
Is 2305300937 a prime number?
True
Is 7377213707 a composite number?
False
Is 2242073723 prime?
False
Is 729521614 a composite number?
True
Is 224289133 prime?
False
Is 3520773973 prime?
True
Is 2862708323 prime?
True
Is 67841161 a prime number?
True
Is 1541193343 a composite number?
False
Is 828203531 a composite number?
True
Is 1990290149 composite?
False
Is 6203995307 a composite number?
False
Is 2346756859 prime?
False
Is 41016986 a prime number?
False
Is 35965844099 prime?
True
Is 183849937 a prime number?
False
Is 2449755887 a composite number?
False
Is 1949349953 a prime number?
False
Is 27118559821 composite?
True
Is 8372408651 composite?
False
Is 2675753 a composite number?
False
Is 26450243279 composite?
False
Is 40155862217 composite?
True
Is 585313063 a composite number?
True
Is 22660314251 composite?
False
Is 3949458157 a composite number?
False
Is 119314369 a prime number?
False
Is 353603729 a prime number?
True
Is 62734979117 prime?
True
Is 492847261 a prime number?
True
Is 20086198247 a composite number?
False
Is 631617859 prime?
True
Is 3357274187 a prime number?
False
Is 17323193138 composite?
True
Is 12907666867 prime?
True
Is 3011713297 composite?
False
Is 6546444103 a prime number?
True
Is 589634321 prime?
True
Is 419420273 composite?
False
Is 492528481 composite?
False
Is 3313673015 composite?
True
Is 96538617443 a composite number?
False
Is 13335945379 a prime number?
False
Is 459075329 a prime number?
False
Is 38189428135 composite?
True
Is 6902854031 a composite number?
False
Is 2350125949 composite?
False
Is 14213789 prime?
True
Is 10912368403 a prime number?
True
Is 354607033 prime?
False
Is 66384755609 composite?
False
Is 36951867269 a composite number?
True
Is 2441327219 a composite number?
True
Is 26487774991 prime?
True
Is 16819169 composite?
False
Is 49473517013 prime?
True
Is 2235068215 a prime number?
False
Is 34891628945 prime?
False
Is 982113887 a prime number?
True
Is 4807062437 composite?
True
Is 26156673469 a composite number?
False
Is 263483453 a composite number?
True
Is 114717909217 prime?
False
Is 10043215433 a prime number?
False
Is 18808117061 a prime number?
False
Is 3879074557 prime?
True
Is 199967429 prime?
True
Is 6048930263 prime?
True
Is 14689371953 prime?
True
Is 7538849 a composite number?
False
Is 16793932943 composite?
True
Is